{"id":621,"date":"2012-04-11T15:15:06","date_gmt":"2012-04-11T15:15:06","guid":{"rendered":"http:\/\/avvocatostella.com\/?page_id=621"},"modified":"2016-05-26T14:20:29","modified_gmt":"2016-05-26T14:20:29","slug":"circolazione-stradale","status":"publish","type":"page","link":"https:\/\/avvocatostella.com\/?page_id=621","title":{"rendered":"Circolazione Stradale"},"content":{"rendered":"<p><a href=\"https:\/\/avvocatostella.com\/wp-content\/uploads\/2012\/04\/Autovelox-Obbligo-di-segnalazione-DL117-07-conv-in-L-160-07-GDP-Lecce-1287-2016.pdf\">Autovelox &#8211; Obbligo di segnalazione &#8211; DL 117-07 conv in L 160-07 &#8211; GDP Lecce-1287-2016<\/a><\/p>\n<p><a href=\"https:\/\/avvocatostella.com\/wp-content\/uploads\/2012\/04\/Omicidio-Stradale-Testo-definitivamente-approvato.pdf\" rel=\"\">Omicidio Stradale &#8211; Testo definitivamente approvato<\/a><\/p>\n<p><a href=\"https:\/\/avvocatostella.com\/wp-content\/uploads\/2012\/04\/Cass-SSUU-5396-2015-alcooltest-mancato-avviso-difesa-nullita\u0300-esperibilita\u0300-sino-alla-sent-1\u00b0-grado.pdf\" rel=\"\">Cass SSUU 5396-2015 &#8211; alcooltest &#8211; mancato avviso difesa &#8211; nullita\u0300 &#8211; esperibilita\u0300 sino alla sent 1\u00b0 grado<\/a><\/p>\n<p><a href=\"https:\/\/avvocatostella.com\/wp-content\/uploads\/2012\/04\/Guida_in_stato_di_ebbrezza_-_lavori_di_pubblica_utilita_anche_in_caso_di_incidente.pdf\">Corte Appello di Bologna 26-11-2013 &#8211; Guida in stato di ebbrezza &#8211; lavori di pubblica utilit\u00e0 anche in caso di incidente<\/a> (bilanciamento della relativa aggravante con un&#8217;attenuante).<\/p>\n<p><a href=\"https:\/\/avvocatostella.com\/wp-content\/uploads\/2012\/04\/Ministero-Infrastrutture-e-Trasporti-PArere-13-marzo-2014-niente-multe-per-pagamento-sista-insufficiente-solo-pagamento-differenza.pdf\">Ministero Infrastrutture e Trasporti &#8211; Parere 13 marzo 2014 &#8211; Niente multe per pagamento sosta insufficiente &#8211; Solo pagamento differenza<\/a><\/p>\n<p>L&#8217;omesso avviso della facolt\u00e0 di farsi assistere da un difensore, ex art. 114 disp. att. CPP, per il compimento di un atto (alcoltest) pu\u00f2 essere rilevato d&#8217;ufficio dal Giudice anche se la parte \u00e8 decaduta dalla possibilit\u00e0. Infatti la decadenza non equivale a sanatoria: <a href=\"https:\/\/avvocatostella.com\/wp-content\/uploads\/2012\/04\/Cass-pen-42667-13-Guida-in-stato-ebbrezza-omesso-avviso-facolt\u00e0-farsi-assistere-non-si-sana-per-mancata-attivit\u00e0.pdf\">Cass pen 42667-13 &#8211; Guida in stato ebbrezza &#8211; omesso avviso facolt\u00e0 farsi assistere &#8211; non si sana per mancata attivit\u00e0<\/a><\/p>\n<p><a href=\"https:\/\/avvocatostella.com\/wp-content\/uploads\/2012\/04\/Corte-Cost-179-2013-Lavori-di-pubblica-utilit\u00e0-anche-fuori-dalla-residenza-del-condannato.pdf\">Corte Cost 179-2013 &#8211; Lavori di pubblica utilit\u00e0 &#8211; anche fuori dalla residenza del condannato<\/a><\/p>\n<p><a href=\"https:\/\/avvocatostella.com\/wp-content\/uploads\/2012\/04\/Sinistro-stradale-Foro-territoriale-competente.pdf\">Sinistro stradale &#8211; Foro territoriale competente<\/a><\/p>\n<p><a href=\"https:\/\/avvocatostella.com\/wp-content\/uploads\/2012\/04\/Cass-Pen-21192-2012-Guida-in-Stato-Ebbrezza-non-obbligo-di-seguire-agenti-per-prova-etilometro.pdf\">Guida in stato di ebbrezza<\/a><a href=\"https:\/\/avvocatostella.com\/wp-content\/uploads\/2012\/04\/Cass-Pen-21192-2012-Guida-in-Stato-Ebbrezza-non-obbligo-di-seguire-agenti-per-prova-etilometro.pdf\"> &#8211; Cass Pen 21192-2012\u00a0 &#8211; Non obbligo di seguire Agenti per prova etilometro<\/a><\/p>\n<p><a href=\"https:\/\/avvocatostella.com\/wp-content\/uploads\/2012\/04\/Guida-in-stato-ebbrezza-Rifiuto-fattispecie-meno-grave-depenalizzazione.pdf\">Guida in stato di ebbrezza &#8211; Cass Pen 18134-2012 &#8211; Rifiuto &#8211; fattispecie meno grave &#8211; depenalizzazione.<\/a> \u00a0\u00a0\u00a0\u00a0\u00a0\u00a0 (<a href=\"https:\/\/avvocatostella.com\/wp-content\/uploads\/2012\/04\/Nota-a-Cassazione-penale-sez.-IV-sentenza-14-05-2012-n\u00b0-18134.pdf\">nota a sentenza<\/a>)<\/p>\n<p><a href=\"https:\/\/avvocatostella.com\/wp-content\/uploads\/2012\/04\/Cass-Civ-21447-2010-Guida-in-stato-Ubriachezza-Sospensione-cautelare-prefetto-solo-per-tasso-sup-15g-l.pdf\">Guida in stato di ebbrezza &#8211; Cass Civ 21447-2010\u00a0 &#8211; Sospensione cautelare Prefetto &#8211; solo per tasso sup 1,5 g\/l: non si applica l&#8217;art. 223 CDS<\/a>.<\/p>\n<p><a href=\"https:\/\/avvocatostella.com\/wp-content\/uploads\/2012\/04\/Circolare-Ministero-Trasporti-30-3-2012.pdf\">Circolare Ministero Trasporti 30-3-2012: Autovelox &#8211; obbligo di segnalazione.<\/a><\/p>\n","protected":false},"excerpt":{"rendered":"<p>Autovelox &#8211; Obbligo di segnalazione &#8211; DL 117-07 conv in L 160-07 &#8211; GDP Lecce-1287-2016 Omicidio Stradale &#8211; Testo definitivamente approvato Cass SSUU 5396-2015 &#8211; alcooltest &#8211; mancato avviso difesa &#8211; nullita\u0300 &#8211; esperibilita\u0300 sino alla sent 1\u00b0 grado Corte &hellip; <a href=\"https:\/\/avvocatostella.com\/?page_id=621\">Continua a leggere<span class=\"meta-nav\">&rarr;<\/span><\/a><\/p>\n","protected":false},"author":2,"featured_media":0,"parent":0,"menu_order":0,"comment_status":"closed","ping_status":"open","template":"","meta":{"footnotes":""},"class_list":["post-621","page","type-page","status-publish","hentry"],"_links":{"self":[{"href":"https:\/\/avvocatostella.com\/index.php?rest_route=\/wp\/v2\/pages\/621","targetHints":{"allow":["GET"]}}],"collection":[{"href":"https:\/\/avvocatostella.com\/index.php?rest_route=\/wp\/v2\/pages"}],"about":[{"href":"https:\/\/avvocatostella.com\/index.php?rest_route=\/wp\/v2\/types\/page"}],"author":[{"embeddable":true,"href":"https:\/\/avvocatostella.com\/index.php?rest_route=\/wp\/v2\/users\/2"}],"replies":[{"embeddable":true,"href":"https:\/\/avvocatostella.com\/index.php?rest_route=%2Fwp%2Fv2%2Fcomments&post=621"}],"version-history":[{"count":36,"href":"https:\/\/avvocatostella.com\/index.php?rest_route=\/wp\/v2\/pages\/621\/revisions"}],"predecessor-version":[{"id":1907,"href":"https:\/\/avvocatostella.com\/index.php?rest_route=\/wp\/v2\/pages\/621\/revisions\/1907"}],"wp:attachment":[{"href":"https:\/\/avvocatostella.com\/index.php?rest_route=%2Fwp%2Fv2%2Fmedia&parent=621"}],"curies":[{"name":"wp","href":"https:\/\/api.w.org\/{rel}","templated":true}]}}